{"id":4681,"date":"2024-03-27T20:05:11","date_gmt":"2024-03-27T20:05:11","guid":{"rendered":"https:\/\/www.nuestroshangrila.com\/?page_id=4681"},"modified":"2025-09-01T12:21:23","modified_gmt":"2025-09-01T10:21:23","slug":"carta_barra","status":"publish","type":"page","link":"https:\/\/www.nuestroshangrila.com\/index.php\/carta_barra\/","title":{"rendered":"CARTA_BARRA"},"content":{"rendered":"\r\n<h3 class=\"wp-block-heading\">\u00a0<\/h3>\r\n\r\n\r\n<hr \/>\r\n<h3 class=\"wp-block-heading\" style=\"text-align: center;\"><span style=\"color: #ffffff;\">CARTA\u00a0 EN BARRA<\/span><\/h3>\r\n<hr \/>\r\n<h3 style=\"text-align: center;\"><span style=\"color: #ffff99;\"><strong>HAMBURGUESAS<\/strong><\/span><\/h3>\r\n<p style=\"text-align: center;\"><span style=\"color: #ffcc00;\"><strong>Carne Sierra de Guadarrama D.O. sin aditivos<\/strong><\/span><\/p>\r\n<p style=\"text-align: center;\"><span style=\"color: #ffcc00;\"><strong>Todas las hamburguesas se sirven con pan Brioche y patatas fritas<\/strong><\/span><\/p>\r\n<p>&nbsp;<\/p>\r\n<p style=\"text-align: center;\"><span style=\"color: #ffffff;\"><strong>LA SIMPLE<\/strong><\/span><\/p>\r\n<p style=\"text-align: center;\"><span style=\"color: #e3baba;\">100 gr de Carne con Queso Cheddar<\/span><\/p>\r\n<p style=\"text-align: center;\"><span style=\"color: #e3baba;\">11,50 \u20ac<\/span><\/p>\r\n<p style=\"text-align: center;\"><span style=\"color: #ffffff;\"><strong>LA PERFECTA<\/strong><\/span><\/p>\r\n<p style=\"text-align: center;\"><span style=\"color: #e3baba;\">100 gr de Carne con Queso Cheddar y guarnici\u00f3n de Lechuga, Tomate, Cebolleta y Pepinillo<\/span><\/p>\r\n<p style=\"text-align: center;\"><span style=\"color: #e3baba;\">13,00 \u20ac<\/span><\/p>\r\n<p style=\"text-align: center;\"><span style=\"color: #ffffff;\"><strong>LA INMUTABLE<\/strong><\/span><\/p>\r\n<p style=\"text-align: center;\"><span style=\"color: #e3baba;\">200 gr de Carne con Queso Cheddar y guarnici\u00f3n de Lechuga, Tomate, Cebolleta y Pepinillo<\/span><\/p>\r\n<p style=\"text-align: center;\"><span style=\"color: #e3baba;\">15,00 \u20ac<\/span><\/p>\r\n<p style=\"text-align: center;\"><span style=\"color: #ffffff;\"><strong>LA IMPOSIBLE<\/strong><\/span><\/p>\r\n<p style=\"text-align: center;\"><span style=\"color: #e3baba;\">200 gr de Carne con Queso Brie y Pimientos del Piquillo<\/span><\/p>\r\n<p style=\"text-align: center;\"><span style=\"color: #e3baba;\">15,00 \u20ac<\/span><\/p>\r\n<p style=\"text-align: center;\"><span style=\"color: #ffffff;\"><strong>L A\u00a0 \u00a0I N F I N I T A<\/strong><\/span><\/p>\r\n<p style=\"text-align: center;\"><span style=\"color: #e3baba;\">300 gr de Carne con Queso Brie y Pimientos del Piquillo<\/span><\/p>\r\n<p style=\"text-align: center;\"><span style=\"color: #e3baba;\">16,00 \u20ac<\/span><\/p>\r\n<p style=\"text-align: center;\"><span style=\"color: #ffffff;\"><strong>LA \u00daNICA<\/strong><\/span><\/p>\r\n<p style=\"text-align: center;\"><span style=\"color: #e3baba;\">Beyond Burger con guarnici\u00f3n de Lechuga, Tomate, Cebolleta y Pepinillo. <\/span><\/p>\r\n<p style=\"text-align: center;\"><span style=\"color: #e3baba;\">(<em>Si la quieres vegana, ind\u00edcaselo al camarero<\/em>)<\/span><\/p>\r\n<p style=\"text-align: center;\"><span style=\"color: #e3baba;\">14,00 \u20ac<\/span><\/p>\r\n<p style=\"text-align: center;\"><span style=\"color: #e3baba;\">EXTRA DE QUESO CHEDDAR +1,00 \u20ac<\/span><\/p>\r\n<p style=\"text-align: center;\"><span style=\"color: #ffcc00;\"><strong>Puedes pedir tu hamburguesa con pan sin gluten<\/strong><\/span><\/p>\r\n<p>&nbsp;<\/p>\r\n<h3 style=\"text-align: center;\"><span style=\"color: #ffff99;\"><strong>PARA COMPARTIR<\/strong><\/span><\/h3>\r\n<p style=\"text-align: center;\"><span style=\"color: #e3baba;\">GILDA<\/span><\/p>\r\n<p style=\"text-align: center;\"><span style=\"color: #e3baba;\">2,00 \u20ac<\/span><\/p>\r\n<p style=\"text-align: center;\"><span style=\"color: #e3baba;\">PATATAS BRAVAS<\/span><\/p>\r\n<p style=\"text-align: center;\"><span style=\"color: #e3baba;\">7,50 \u20ac<\/span><\/p>\r\n<p style=\"text-align: center;\"><span style=\"color: #e3baba;\">PATATAS 3 SALSAS<\/span><\/p>\r\n<p style=\"text-align: center;\"><span style=\"color: #e3baba;\">Miel y mostaza, queso y alioli.<\/span><\/p>\r\n<p style=\"text-align: center;\"><span style=\"color: #e3baba;\">9,00 \u20ac<\/span><\/p>\r\n<p style=\"text-align: center;\"><span style=\"color: #e3baba;\">PATATAS FRITAS con Ketchup<\/span><\/p>\r\n<p style=\"text-align: center;\"><span style=\"color: #e3baba;\">5,50 \u20ac<\/span><\/p>\r\n<p style=\"text-align: center;\"><span style=\"color: #e3baba;\">NACHOS con salsa de Queso Cheddar<\/span><\/p>\r\n<p style=\"text-align: center;\"><span style=\"color: #e3baba;\">5,50 \u20ac<\/span><\/p>\r\n<p style=\"text-align: center;\"><span style=\"color: #e3baba;\">RACI\u00d3N DE CROQUETAS<\/span><\/p>\r\n<p style=\"text-align: center;\"><span style=\"color: #e3baba;\">Elige entre Veganas o Jam\u00f3n Ib\u00e9rico<\/span><\/p>\r\n<p style=\"text-align: center;\"><span style=\"color: #e3baba;\">14,00 \u20ac<\/span><\/p>\r\n<p style=\"text-align: center;\"><span style=\"color: #e3baba;\">BOQUERONES EN VINAGRE<\/span><\/p>\r\n<p style=\"text-align: center;\"><span style=\"color: #e3baba;\">12,00 \u20ac<\/span><\/p>\r\n<p style=\"text-align: center;\"><span style=\"color: #e3baba;\">DEGUSTACI\u00d3N DE QUESOS CURADOS<\/span><\/p>\r\n<p style=\"text-align: center;\"><span style=\"color: #e3baba;\">16,50 \u20ac<\/span><\/p>\r\n<p style=\"text-align: center;\"><span style=\"color: #e3baba;\">JAM\u00d3N DE BELLOTA<\/span><\/p>\r\n<p style=\"text-align: center;\"><span style=\"color: #e3baba;\">19,50 \u20ac<\/span><\/p>\r\n<p style=\"text-align: center;\"><span style=\"color: #e3baba;\">FINGERS DE POLLO con salsa Barbacoa<\/span><\/p>\r\n<p style=\"text-align: center;\"><span style=\"color: #e3baba;\">11,00 \u20ac<\/span><\/p>\r\n<p style=\"text-align: center;\"><span style=\"color: #e3baba;\">NUGGETS VEGANOS EN TEMPURA con salsa Barbacoa<\/span><\/p>\r\n<p style=\"text-align: center;\"><span style=\"color: #e3baba;\">7,50 \u20ac<strong>\u00a0<\/strong><\/span><\/p>\r\n<p style=\"text-align: center;\"><span style=\"color: #e3baba;\">NUGGETS VEGANOS SIN GLUTEN con ketchup<\/span><\/p>\r\n<p style=\"text-align: center;\"><span style=\"color: #e3baba;\">7,50 \u20ac<\/span><\/p>\r\n<p style=\"text-align: center;\"><span style=\"color: #e3baba;\">ENSALADA GRIEGA<\/span><\/p>\r\n<p style=\"text-align: center;\"><span style=\"color: #e3baba;\">Tomate Cherry y Queso Feta ali\u00f1ados con Aceite de Oliva Virgen Extra y Sal Maldon.<\/span><\/p>\r\n<p style=\"text-align: center;\"><span style=\"color: #e3baba;\">8,00 \u20ac<\/span><\/p>\r\n<p style=\"text-align: center;\"><span style=\"color: #e3baba;\">FALAFEL con salsa de Yogur<\/span><\/p>\r\n<p style=\"text-align: center;\"><span style=\"color: #e3baba;\">8,00 \u20ac<\/span><\/p>\r\n<p style=\"text-align: center;\"><span style=\"color: #e3baba;\">CUENCO DE SALSA<\/span><\/p>\r\n<p style=\"text-align: center;\"><span style=\"color: #e3baba;\">A elegir entre Barbacoa, Brava, Yogur, Queso, Mayonesa Vegana o Miel y Mostaza<\/span><\/p>\r\n<p style=\"text-align: center;\"><span style=\"color: #e3baba;\">1,00 \u20ac<\/span><\/p>\r\n<hr \/>\r\n<h3 style=\"text-align: center;\">\u00a0<\/h3>\r\n<p style=\"text-align: center;\"><span style=\"color: #ffffff;\"><a style=\"color: #ffffff;\" href=\"https:\/\/www.nuestroshangrila.com\">TODA LA INFORMACI\u00d3N AQU\u00cd<\/a><\/span><\/p>\r\n<p style=\"text-align: center;\"><span style=\"color: #ff0000;\">Nuestro SHANGRI-LA. 2025. Todos los precios incluyen I.V.A.<\/span><\/p>\r\n","protected":false},"excerpt":{"rendered":"<p>\u00a0 CARTA\u00a0 EN BARRA HAMBURGUESAS Carne Sierra de Guadarrama D.O. sin aditivos Todas las hamburguesas se sirven con pan Brioche y patatas fritas &nbsp; LA SIMPLE 100 gr de Carne con Queso Cheddar 11,50 \u20ac LA PERFECTA 100 gr de Carne con Queso Cheddar y guarnici\u00f3n de Lechuga, Tomate, Cebolleta y Pepinillo 13,00 \u20ac LA INMUTABLE 200 gr de Carne con Queso Cheddar y guarnici\u00f3n de Lechuga, Tomate, Cebolleta y Pepinillo 15,00 \u20ac LA IMPOSIBLE 200 gr de Carne con Queso Brie y Pimientos del Piquillo 15,00 \u20ac L A\u00a0 \u00a0I N F I N I T A 300 gr de Carne con Queso Brie y Pimientos del Piquillo 16,00 \u20ac LA \u00daNICA Beyond Burger con guarnici\u00f3n de Lechuga, Tomate, Cebolleta y Pepinillo. (Si la quieres vegana, ind\u00edcaselo al camarero) 14,00 \u20ac EXTRA DE QUESO CHEDDAR +1,00 \u20ac Puedes pedir tu hamburguesa con pan sin gluten &nbsp; PARA COMPARTIR GILDA [&hellip;]<\/p>\n","protected":false},"author":1,"featured_media":0,"parent":0,"menu_order":0,"comment_status":"closed","ping_status":"closed","template":"coming-soon-page.php","meta":{"_monsterinsights_skip_tracking":false,"_monsterinsights_sitenote_active":false,"_monsterinsights_sitenote_note":"","_monsterinsights_sitenote_category":0,"_price":"","_stock":"","_tribe_ticket_header":"","_tribe_default_ticket_provider":"TEC\\Tickets\\Commerce\\Module","_tribe_ticket_capacity":"0","_ticket_start_date":"","_ticket_end_date":"","_tribe_ticket_show_description":"","_tribe_ticket_show_not_going":false,"_tribe_ticket_use_global_stock":"","_tribe_ticket_global_stock_level":"","_global_stock_mode":"","_global_stock_cap":"","_tribe_rsvp_for_event":"","_tribe_ticket_going_count":"","_tribe_ticket_not_going_count":"","_tribe_tickets_list":"[]","_tribe_ticket_has_attendee_info_fields":false,"footnotes":""},"class_list":["post-4681","page","type-page","status-publish","hentry"],"ticketed":false,"_links":{"self":[{"href":"https:\/\/www.nuestroshangrila.com\/index.php\/wp-json\/wp\/v2\/pages\/4681","targetHints":{"allow":["GET"]}}],"collection":[{"href":"https:\/\/www.nuestroshangrila.com\/index.php\/wp-json\/wp\/v2\/pages"}],"about":[{"href":"https:\/\/www.nuestroshangrila.com\/index.php\/wp-json\/wp\/v2\/types\/page"}],"author":[{"embeddable":true,"href":"https:\/\/www.nuestroshangrila.com\/index.php\/wp-json\/wp\/v2\/users\/1"}],"replies":[{"embeddable":true,"href":"https:\/\/www.nuestroshangrila.com\/index.php\/wp-json\/wp\/v2\/comments?post=4681"}],"version-history":[{"count":18,"href":"https:\/\/www.nuestroshangrila.com\/index.php\/wp-json\/wp\/v2\/pages\/4681\/revisions"}],"predecessor-version":[{"id":7452,"href":"https:\/\/www.nuestroshangrila.com\/index.php\/wp-json\/wp\/v2\/pages\/4681\/revisions\/7452"}],"wp:attachment":[{"href":"https:\/\/www.nuestroshangrila.com\/index.php\/wp-json\/wp\/v2\/media?parent=4681"}],"curies":[{"name":"wp","href":"https:\/\/api.w.org\/{rel}","templated":true}]}}